 3*b + 2*f - 40, 0*b = -v*b - 4*f + 64. Calculate the greatest common divisor of b and 48.
16
Suppose -32 = -s + 4*a, -a - a = -s + 22. Let r = 3700 - 3568. Calculate the highest common divisor of r and s.
12
Let b = -192 - -214. Calculate the greatest common divisor of 506 and b.
22
Suppose 5*a = -t + 12, a + a = -2*t. Let n be (88/(-6))/(a + 66/(-18)). Let s = 35 - -20. What is the greatest common factor of n and s?
11
Suppose 3*f + 2*f = 0. Suppose -3*y - 3*c + 6 = f, -3*c + 10 = -4*y - c. Let i be 2*-2 + (45 - y). Calculate the highest common factor of 21 and i.
21
Let q(s) = s**3 + 4*s**2 - 8*s - 4. Let n be q(-5). Suppose -7*o - 216 = -n*o. Let h = -35 + o. What is the greatest common factor of h and 57?
19
Let z(h) = 72*h + 40. Let j be z(3). Calculate the greatest common divisor of j and 16.
16
Let x = 443 - 201. Suppose 3*w + 5*u - 46 = 0, -u - 92 = w - 5*w. Calculate the highest common divisor of w and x.
22
Let b = 4 + 0. Let q = b + 0. Suppose 95 = k + q*k - 5*n, 53 = 3*k + n. Calculate the greatest common factor of 6 and k.
6
Let g(y) = -7*y**3 - 6*y**2 - 11*y + 3. Let q be g(-3). Calculate the highest common divisor of q and 45.
9
Suppose 9*k = -31*k + 7000. What is the greatest common divisor of k and 665?
35
Let f(b) = 24*b**2 - b + 10. Let k be f(-3). Let o = k - 159. What is the highest common divisor of o and 28?
14
Let x be 2/2 - (1 - 1). Let g(q) = 2*q**2 - 6*q**2 - 14*q + 13*q + 3*q**2 + 5*q**2. Let d be g(x). What is the greatest common divisor of d and 6?
3
Let v be (7 - 1)*(-6)/(-12). Let g be 1 - (-2 - (-54)/v). Let m be (-5)/(g/(-6))*-4. What is the greatest common divisor of 4 and m?
4
Let w be 1*((0 - 12/3) + 36). Calculate the greatest common divisor of w and 8.
8
Suppose 0 = -4*k - 3*b + 12, -8 = -3*k + 4*k - 2*b. Let z(f) = -f**2 - 7*f + 110. Let s be z(k). What is the greatest common factor of s and 22?
22
Suppose 2*h = h + 46. Let k be 10/8 - (-13746)/632. Calculate the highest common divisor of h and k.
23
Let g = 1 - -27. Suppose -4*l + 20 = -g. Let j be (-1)/6 + 602/l. Calculate the greatest common factor of j and 25.
25
Let l be (-5 + 4)/((-2)/4). Suppose 2*n = 3*c - 811 - 436, 0 = 4*c + l*n - 1658. Suppose 215 = 6*z - c. Calculate the greatest common factor of z and 42.
21
Let p be 27/2*(182/21 + -2). Suppose -k = 4*t - p, 3*t = 3*k + t - 228. What is the highest common divisor of k and 6?
6
Let a(s) = -s**3 + 35*s**2 + 52. Let t be a(35). Let z = 14 + -1. Calculate the highest common divisor of z and t.
13
Suppose 0 = -4*j, -37 = -5*o + 5*j - 7. Suppose o*b + b - 56 = 0. What is the greatest common factor of b and 12?
4
Let t be 19/4 - 6/8. Suppose -t*s = -8*s. Suppose s = 5*o - o - 96. Calculate the greatest common factor of 24 and o.
24
Let t be 3 + 1/(3/171). Let g = 440 - 392. Calculate the greatest common divisor of t and g.
12
Let f(u) = 17*u**2 - 3. Let r be f(-3). Suppose w - 6*w + r = 0. Suppose 0 = 5*b - 3*k - 219, b + 3*k = 38 + 13. What is the greatest common factor of b and w?
15
Suppose 103307 = 96*u - 30325. What is the greatest common divisor of u and 48?
48
Suppose -11*y = -7*y. Suppose 0 = 3*j - 4*d - 56, y = d + d + 10. Calculate the highest common factor of 132 and j.
12
Suppose -2*y + 24 + 64 = 2*c, 5*c - 32 = -y. Calculate the highest common factor of 4 and y.
1
Let q(m) = -2*m**3 + m - 2. Let h be q(-2). Suppose -4*l = -0 - h. Suppose -l*z + 5*z - 123 = 3*n, -4*n = z - 67. What is the highest common divisor of z and 9?
9
Let q be (-3 + -9)*(-10 - -6). Calculate the greatest common divisor of q and 18.
6
Let t(s) = s**3 + 13*s**2 + 33*s + 52. Let r be t(-10). Suppose -p + 352 = 3*p. Calculate the highest common factor of p and r.
22
Let h = -63 - -59. Let d be (-2)/h*86 - 4. Calculate the highest common factor of d and 26.
13
Let x = 2696 - 2597. What is the highest common factor of x and 275?
11
Suppose 0 = -2*j + 6, m + 24 - 4 = 8*j. What is the greatest common divisor of 512 and m?
4
Let p(r) be the first derivative of 2*r**3/3 + 5*r**2/2 - 24*r - 3. Let o be p(5). Calculate the greatest common factor of o and 255.
51
Let w be (-465)/(-45) - 3/9. What is the highest common divisor of w and 10?
10
Let r = -81 + 195. Suppose -f + 4*w = -60, -3*f = 5*w - 0*w - 248. What is the greatest common factor of f and r?
38
Let y be 1/(-3) - 20/(-6). Let n = 504 + -504. Suppose 3*o + 4*k - 119 = n, 4*o - y*k - 43 = 149. Calculate the highest common divisor of o and 18.
9
Let r = -111 - -222. Suppose -6 = 3*z - l - r, -4*l + 192 = 5*z. Calculate the highest common divisor of z and 18.
18
Let s be (-3867)/(-5) - 9/90*-6. What is the highest common divisor of 172 and s?
86
Suppose 2*j = 4*j + 20. Let q(l) be the second derivative of -l**4/12 - 3*l**3/2 + 6*l**2 - 6*l. Let r be q(j). What is the greatest common divisor of r and 6?
2
Let c(y) = y**3 - 17*y**2 + 30*y + 2. Let r be c(15). Let k be (r - 8) + 3 + 19. Calculate the greatest common divisor of k and 48.
16
Let x be 0 - (3 + -3 - 2). Let t = x + 3. Suppose 0 = h - 3*s - 65, -t*h + 429 - 104 = 4*s. Calculate the highest common factor of 13 and h.
13
Suppose 1064 = -9*v + 2945. What is the greatest common factor of v and 19?
19
Let o = -530 + 578. Calculate the highest common divisor of 40 and o.
8
Let q(h) = h**3 + 41*h**2 - 41*h + 54. Let a be q(-42). What is the highest common divisor of 84 and a?
12
Let p(h) = -41*h - 30. Let z be p(-14). Calculate the greatest common divisor of 34 and z.
34
Suppose 5*y - 3*h - 21 - 767 = 0, -12 = -3*h. What is the highest common divisor of 96 and y?
32
Let h = -4045 + 4065. Let o(b) be the second derivative of -2*b**3/3 - 3*b**2 + b. Let c be o(-4). Calculate the greatest common divisor of c and h.
10
Let j = 500 - 356. Suppose 0*f - f = -2*l + 37, f = 5*l - 85. What is the greatest common factor of l and j?
16
Suppose -5*p + 11 = -14, 0 = 3*w - 2*p + 4. Suppose 2 + 26 = w*t. What is the greatest common divisor of t and 21?
7
Let z be 13 - (-3 + 0/5). Let o = -8 - -24. What is the highest common factor of z and o?
16
Let g be 8/10 - 2254/(-70). Calculate the greatest common divisor of 759 and g.
33
Let s(d) = -d**3 - 35*d**2 + 22*d + 64. Let t be s(-36). Calculate the highest common divisor of t and 994.
142
Let n(z) = 3*z**3 - 3*z**2 - 9*z + 6. Let l be n(3). What is the greatest common divisor of l and 66?
33
Suppose -1014 = 60*k - 73*k. What is the highest common divisor of 390 and k?
78
Let s(f) = 41*f + 12. Let n be s(5). Suppose 0 = 6*u - 53 - n. What is the greatest common divisor of 15 and u?
15
Let l(a) = -a + 17. Let w be l(14). Suppose -w*m + 40 + 47 = 0. Let z = m - 21. What is the greatest common factor of z and 8?
8
Let q be -3 - (-4 + 4 - -21). Let y be (6/(-2) - q)/1. Calculate the greatest common factor of 3 and y.
3
Let w(f) = 14*f + 644. Let z be w(-30). What is the highest common factor of z and 21?
7
Let i be (1/(-3))/(1/(-6)). Suppose -f = -i*f + 14. What is the highest common factor of 112 and f?
14
Let f = -129 - -154. Calculate the highest common divisor of 75 and f.
25
Let n be -1 + 83 + 12 + -11 + -7. Calculate the highest common divisor of n and 1900.
76
Let i be (-1 - 10/(-6))/((-17)/(-612)). What is the greatest common factor of i and 204?
12
Let f be 7*((-6)/21 + 2). Let x be (-7)/(-3) + (-4)/f. Let w(y) = -y + 4. Let n be w(-12). What is the greatest common factor of x and n?
2
Suppose 0 = 9*l - 452 - 988. Suppose 36*k + l = 41*k. What is the greatest common factor of k and 16?
16
Let j(s) = -s**3 - 4*s**2 + 4*s + 5. Let a be j(-5). Suppose -4*c + 2*l + 504 = c, 3*l + 6 = 0. Calculate the greatest common divisor of c and a.
10
Suppose -5*n + 5*a = 0, 5*a = 12*n - 14*n + 28. Calculate the greatest common divisor of 44 and n.
4
Suppose d - 144 = -7*d. What is the greatest common factor of 2286 and d?
18
Let b(y) = -2*y**2 - y + 6. Let h be b(-3). Let w be (-176)/(-18) - 2/h. Calculate the highest common divisor of w and 10.
10
Let j(t) = t - 4. Let d be j(10). Suppose -2*l = -2*r + l - d, 0 = r + 3*l - 15. Let u be 9 - -2 - 6/r. What is the highest common divisor of 81 and u?
9
Suppose 8 = -4*y + 12. Let d(c) = -c - 1. Let x be d(-6). Suppose 0*s = v - 3*s - x, 2*v = 4*s + 12. What is the greatest common factor of y and v?
1
Let q = 44 + -40. Suppose 148 + 12 = q*r. W